{"id":22,"date":"2019-06-01T12:02:40","date_gmt":"2019-06-01T12:02:40","guid":{"rendered":"http:\/\/neue-baumpflege.de\/?page_id=22"},"modified":"2025-03-03T11:06:31","modified_gmt":"2025-03-03T11:06:31","slug":"mitglieder","status":"publish","type":"page","link":"http:\/\/neue-baumpflege.de\/?page_id=22","title":{"rendered":"Mitglieder"},"content":{"rendered":"\n<p><strong>Baumpflege Deppner<\/strong>, Andreas Deppner, Mei\u00dfner Stra\u00dfe 432, 0445 Radebeul, info@deppner-baumpflege.de, <a href=\"http:\/\/www.deppner-baumpflege.de\">www.deppner-baumpflege.de<\/a><\/p>\n\n\n\n<p><strong>Wirth &amp; Wiener<\/strong> <strong>GmbH<\/strong>, Carsten Wirth, Am Erlenwald 4, 09128 Chemnitz, info@wirth-wiener.de, <a href=\"http:\/\/www.wirth-wiener.de\">www.wirth-wiener.de<\/a> <\/p>\n\n\n\n<p><strong>Baumsanierung Wagle<\/strong>r, Hendrik Wagler, Rudolf- Breitscheid- Str. 7, 09487 Schlettau, <a href=\"http:\/\/www.baumpflege-wagler.de\">www.baumpflege-wagler.de<\/a><\/p>\n\n\n\n<p><strong>G\u00e4rtnerhof GmbH<\/strong>, Olaf Sukrow, Holzhauser Str. 148, 13509 Berlin, info@gaertnerhof-gmbh.de, <a href=\"http:\/\/www.gaertnerhof-gmbh.de\">www.gaertnerhof-gmbh.de<\/a><\/p>\n\n\n\n<p><strong>Baumpflege Fiedler<\/strong>, Sascha Fiedler, D\u00f6beritzer Str. 29, 14476 Potsdam, info@baumpflege-fiedler.de, <a href=\"http:\/\/www.baumpflege-fiedler.de\" target=\"_blank\" rel=\"noreferrer noopener\">www.baumpflege-fiedler.de<\/a><\/p>\n\n\n\n<p><strong>Baumpflege Schneewei\u00df Gmbh<\/strong>, Ingo Schneewei\u00df, Kieler Stra\u00dfe 10, 14532 Stahnsdorf, <a href=\"http:\/\/www.baumpflege-schneeweiss.de\">www.baumpflege-schneeweiss.de<\/a><\/p>\n\n\n\n<p><strong>Vegetus- Ausbilden direkt am Baum<\/strong>, Thomas Ludwig, Zum Fuhrenkamp 214, 26203 Wardenburg, info@baumpflegeseminare.de, <a href=\"http:\/\/www.baumpflegeseminare.de\/index.html\">www.baumpflegeseminare.de <\/a><\/p>\n\n\n\n<p><strong>Baum-Garten-Landschaft<\/strong>, Olaf Florin, An der Siebertm\u00fchle 3, 34246 Vellmar, olaf.florin@olaf.florin.de<\/p>\n\n\n\n<p><strong>Baumpflege u. Sachverst\u00e4ndigenb\u00fcro<\/strong> <strong>Funck<\/strong>, Philipp Funck, Schlossstr. 22, 34613 Schwalmstadt, Philipp-Funck@t-online.de, <a href=\"http:\/\/www.baumpflege-funck.de\">www.baumpflege-funck.de<\/a><\/p>\n\n\n\n<p><strong>Baumpflege Schwengels<\/strong>, Helmut Schwengels, Weredunstr. 48 a, 37688 Beverungen (Wehrten), kontakt@zweigwerk-baumpflege.de, <a href=\"http:\/\/www.zweigwerk-baumpflege.de\">www.zweigwerk-baumpflege.de<\/a><\/p>\n\n\n\n<p><strong>Behnke Baumpflege GmbH<\/strong>, Karl Behnke, L\u00fcttelbrachter Str. 114, 41379 Br\u00fcggen, info@baumpflege-behnke.de, <a href=\"http:\/\/www.baumpflege-behnke.de\">www.baumpflege-behnke.de<\/a><\/p>\n\n\n\n<p><strong>Vertikal verde<\/strong>, Marc Stratman, Siriusweg 4, 42697 Solingen, vertikalverde@t-online.de<\/p>\n\n\n\n<p><strong>Arborphil<\/strong>, Philipp Wachsmann, Kampmannstr. 18, 44799 Bochum, <a href=\"http:\/\/www.arborphil.de\">www.arborphil.de<\/a><\/p>\n\n\n\n<p><strong>Baumkauz<\/strong>, Marcus Weich, Arndtstr. 51 &#8211; 55, 45473 M\u00fchlheim a. d. Ruhr, <a href=\"http:\/\/www.baumpflege-bodensee.de\">www.baumkauz.de<\/a><\/p>\n\n\n\n<p><strong>Benk GmbH<\/strong>, J\u00f6rn Benk, Weseler Stra\u00dfe 52, 45478 M\u00fclheim, info@benk-baum.de, <a href=\"http:\/\/www.benk-baum.de\">www.benk-baum.de<\/a><\/p>\n\n\n\n<p><strong>Klettermaxe<\/strong>, Stefan Artmann, Am Hochwald 17, 47589 Uedem, info@klettermaxe.com, <a href=\"http:\/\/www.klettermaxe.com\">www.klettermaxe.com<\/a><\/p>\n\n\n\n<p><strong>Sachverst\u00e4ndigenb\u00fcro<\/strong> <strong>Der gesunde Baum<\/strong>, Dr. J\u00fcrgen Kutscheidt, Hochbendweg 99, 47804 Krefeld, kutscheidt@arcor.de, <a href=\"http:\/\/www.dergesundebaum.de\">www.dergesundebaum.de<\/a>, <a href=\"http:\/\/mycorrhiza.de\">www.mycorrhiza.de<\/a><\/p>\n\n\n\n<p><strong>Baumpflege Horstmann<\/strong>, Uwe Horstmann, Hauptstr. 50, 55599 Eckelsheim, info@funkygardens.de, <a href=\"http:\/\/www.funkygardens.de\">www.funkygardens.de<\/a><\/p>\n\n\n\n<p><strong>Garten &amp; Baumfreunde, Elke Beinghaus<\/strong>, Brenscheid 1, 58849 Herscheid, post@baumfreundin.com<\/p>\n\n\n\n<p><strong>Baum- und Gartenpflege Adrian<\/strong>, Bernhard Adrian, Schlo\u00dfstr. 120, 60486 Frankfurt am Main, adrian@baum-garten.de, <a href=\"http:\/\/www.baum-garten.de\">www.baum-garten.de<\/a><\/p>\n\n\n\n<p><strong>Freelance Baumpflege GmbH<\/strong>, Daniel Courtis, Im Weibelfeld 10, 63303 Dreieich, info@freelance-baumpflege.de, <a href=\"http:\/\/www.freelance-baumpflege.de\">www.freelance-baumpflege.de<\/a><\/p>\n\n\n\n<p><strong>Baumpflege B\u00f6rger<\/strong>, Uwe Baum, Neugasse 7, 65510 H\u00fcnstetten, uwe.boerger@gmx.de, <a href=\"http:\/\/www.baumpflege-boerger.de\">www.baumpflege-boerger.de<\/a><\/p>\n\n\n\n<p><strong>BAUM UND MENSCH, Nachhaltige Baumpflege<\/strong>, Michael Ziegler, Dudenhofer Str. 30, 67354 R\u00f6merberg, kontakt@baum-und-mensch.com, www.baum-und-mensch.com<\/p>\n\n\n\n<p><strong>Baumpflege Schmeller<\/strong>, Peter Schmeller, Tulpenweg 6, 76297 Stutensee, baumpflege.schmeller@icloud.com<\/p>\n\n\n\n<p><strong>Baumpflegeschule Busemann<\/strong>, Kay Busemann, Schwarzwaldstra\u00dfe 142, 79102 Freiburg, info@baumpflegeschule.de, <a href=\"http:\/\/www.baumpflegeschule.com\">www.baumpflegeschule.com<\/a><\/p>\n\n\n\n<p><strong>Baumpflege Michael Schmeller<\/strong>, Michael Schmeller, Robert- Meyer- Weg 18, 79359 Riegel, baumpflege-mschmeller@arcor.de<\/p>\n\n\n\n<p><strong>Da Hoizknecht<\/strong>, Sebastian Singer, Hannawies 1, 82346 Frieding, info@dahoizknecht.de, <a href=\"http:\/\/www.dahoizknecht.de\">www.dahoizknecht.de<\/a><\/p>\n\n\n\n<p><strong>Baumpflege Braun<\/strong>, Veit Georg Braun, Sedanstr. 8, 93055 Regensburg, info@baumpflege-braun.de, <a href=\"http:\/\/www.baumpflege-braun.de\">www.baumpflege-braun.de<\/a><\/p>\n\n\n\n<p><strong>Baumservice Oberle<\/strong>, Udo Oberle, Leisauer Str. 15, 95497 Goldkronach, info@baumservice.de, <a href=\"http:\/\/www.baumservice.de\">www.baumservice.de<\/a><\/p>\n","protected":false},"excerpt":{"rendered":"<p>Baumpflege Deppner, Andreas Deppner, Mei\u00dfner Stra\u00dfe 432, 0445 Radebeul, info@deppner-baumpflege.de, www.deppner-baumpflege.de Wirth &amp; Wiener GmbH, Carsten Wirth, Am Erlenwald 4, 09128 Chemnitz, info@wirth-wiener.de, www.wirth-wiener.de Baumsanierung Wagler, Hendrik Wagler, Rudolf- Breitscheid- Str. 7, 09487 Schlettau, www.baumpflege-wagler.de G\u00e4rtnerhof GmbH, Olaf Sukrow, Holzhauser Str. 148, 13509 Berlin, info@gaertnerhof-gmbh.de, www.gaertnerhof-gmbh.de Baumpflege Fiedler, Sascha Fiedler, D\u00f6beritzer Str. 29, 14476 Potsdam, info@baumpflege-fiedler.de, www.baumpflege-fiedler.de Baumpflege Schneewei\u00df Gmbh, Ingo Schneewei\u00df, Kieler Stra\u00dfe 10, 14532 Stahnsdorf, www.baumpflege-schneeweiss.de Vegetus- Ausbilden direkt am Baum, Thomas Ludwig, Zum Fuhrenkamp 214, 26203 Wardenburg,&#8230;<\/p>\n<p class=\"read-more\"><a class=\"btn btn-default\" href=\"http:\/\/neue-baumpflege.de\/?page_id=22\">Weiterlesen<span class=\"screen-reader-text\"> Weiterlesen<\/span><\/a><\/p>\n","protected":false},"author":1,"featured_media":0,"parent":25,"menu_order":0,"comment_status":"closed","ping_status":"closed","template":"","meta":{"footnotes":""},"class_list":["post-22","page","type-page","status-publish","hentry"],"_links":{"self":[{"href":"http:\/\/neue-baumpflege.de\/index.php?rest_route=\/wp\/v2\/pages\/22","targetHints":{"allow":["GET"]}}],"collection":[{"href":"http:\/\/neue-baumpflege.de\/index.php?rest_route=\/wp\/v2\/pages"}],"about":[{"href":"http:\/\/neue-baumpflege.de\/index.php?rest_route=\/wp\/v2\/types\/page"}],"author":[{"embeddable":true,"href":"http:\/\/neue-baumpflege.de\/index.php?rest_route=\/wp\/v2\/users\/1"}],"replies":[{"embeddable":true,"href":"http:\/\/neue-baumpflege.de\/index.php?rest_route=%2Fwp%2Fv2%2Fcomments&post=22"}],"version-history":[{"count":29,"href":"http:\/\/neue-baumpflege.de\/index.php?rest_route=\/wp\/v2\/pages\/22\/revisions"}],"predecessor-version":[{"id":264,"href":"http:\/\/neue-baumpflege.de\/index.php?rest_route=\/wp\/v2\/pages\/22\/revisions\/264"}],"up":[{"embeddable":true,"href":"http:\/\/neue-baumpflege.de\/index.php?rest_route=\/wp\/v2\/pages\/25"}],"wp:attachment":[{"href":"http:\/\/neue-baumpflege.de\/index.php?rest_route=%2Fwp%2Fv2%2Fmedia&parent=22"}],"curies":[{"name":"wp","href":"https:\/\/api.w.org\/{rel}","templated":true}]}}

<p><strong>Baumpflege Deppner</strong>, Andreas Deppner, Meißner Straße 432, 0445 Radebeul, info@deppner-baumpflege.de, <a href="http://www.deppner-baumpflege.de">www.deppner-baumpflege.de</a></p>



<p><strong>Wirth &amp; Wiener</strong> <strong>GmbH</strong>, Carsten Wirth, Am Erlenwald 4, 09128 Chemnitz, info@wirth-wiener.de, <a href="http://www.wirth-wiener.de">www.wirth-wiener.de</a> </p>



<p><strong>Baumsanierung Wagle</strong>r, Hendrik Wagler, Rudolf- Breitscheid- Str. 7, 09487 Schlettau, <a href="http://www.baumpflege-wagler.de">www.baumpflege-wagler.de</a></p>



<p><strong>Gärtnerhof GmbH</strong>, Olaf Sukrow, Holzhauser Str. 148, 13509 Berlin, info@gaertnerhof-gmbh.de, <a href="http://www.gaertnerhof-gmbh.de">www.gaertnerhof-gmbh.de</a></p>



<p><strong>Baumpflege Fiedler</strong>, Sascha Fiedler, Döberitzer Str. 29, 14476 Potsdam, info@baumpflege-fiedler.de, <a href="http://www.baumpflege-fiedler.de" target="_blank" rel="noreferrer noopener">www.baumpflege-fiedler.de</a></p>



<p><strong>Baumpflege Schneeweiß Gmbh</strong>, Ingo Schneeweiß, Kieler Straße 10, 14532 Stahnsdorf, <a href="http://www.baumpflege-schneeweiss.de">www.baumpflege-schneeweiss.de</a></p>



<p><strong>Vegetus- Ausbilden direkt am Baum</strong>, Thomas Ludwig, Zum Fuhrenkamp 214, 26203 Wardenburg, info@baumpflegeseminare.de, <a href="http://www.baumpflegeseminare.de/index.html">www.baumpflegeseminare.de </a></p>



<p><strong>Baum-Garten-Landschaft</strong>, Olaf Florin, An der Siebertmühle 3, 34246 Vellmar, olaf.florin@olaf.florin.de</p>



<p><strong>Baumpflege u. Sachverständigenbüro</strong> <strong>Funck</strong>, Philipp Funck, Schlossstr. 22, 34613 Schwalmstadt, Philipp-Funck@t-online.de, <a href="http://www.baumpflege-funck.de">www.baumpflege-funck.de</a></p>



<p><strong>Baumpflege Schwengels</strong>, Helmut Schwengels, Weredunstr. 48 a, 37688 Beverungen (Wehrten), kontakt@zweigwerk-baumpflege.de, <a href="http://www.zweigwerk-baumpflege.de">www.zweigwerk-baumpflege.de</a></p>



<p><strong>Behnke Baumpflege GmbH</strong>, Karl Behnke, Lüttelbrachter Str. 114, 41379 Brüggen, info@baumpflege-behnke.de, <a href="http://www.baumpflege-behnke.de">www.baumpflege-behnke.de</a></p>



<p><strong>Vertikal verde</strong>, Marc Stratman, Siriusweg 4, 42697 Solingen, vertikalverde@t-online.de</p>



<p><strong>Arborphil</strong>, Philipp Wachsmann, Kampmannstr. 18, 44799 Bochum, <a href="http://www.arborphil.de">www.arborphil.de</a></p>



<p><strong>Baumkauz</strong>, Marcus Weich, Arndtstr. 51 &#8211; 55, 45473 Mühlheim a. d. Ruhr, <a href="http://www.baumpflege-bodensee.de">www.baumkauz.de</a></p>



<p><strong>Benk GmbH</strong>, Jörn Benk, Weseler Straße 52, 45478 Mülheim, info@benk-baum.de, <a href="http://www.benk-baum.de">www.benk-baum.de</a></p>



<p><strong>Klettermaxe</strong>, Stefan Artmann, Am Hochwald 17, 47589 Uedem, info@klettermaxe.com, <a href="http://www.klettermaxe.com">www.klettermaxe.com</a></p>



<p><strong>Sachverständigenbüro</strong> <strong>Der gesunde Baum</strong>, Dr. Jürgen Kutscheidt, Hochbendweg 99, 47804 Krefeld, kutscheidt@arcor.de, <a href="http://www.dergesundebaum.de">www.dergesundebaum.de</a>, <a href="http://mycorrhiza.de">www.mycorrhiza.de</a></p>



<p><strong>Baumpflege Horstmann</strong>, Uwe Horstmann, Hauptstr. 50, 55599 Eckelsheim, info@funkygardens.de, <a href="http://www.funkygardens.de">www.funkygardens.de</a></p>



<p><strong>Garten &amp; Baumfreunde, Elke Beinghaus</strong>, Brenscheid 1, 58849 Herscheid, post@baumfreundin.com</p>



<p><strong>Baum- und Gartenpflege Adrian</strong>, Bernhard Adrian, Schloßstr. 120, 60486 Frankfurt am Main, adrian@baum-garten.de, <a href="http://www.baum-garten.de">www.baum-garten.de</a></p>



<p><strong>Freelance Baumpflege GmbH</strong>, Daniel Courtis, Im Weibelfeld 10, 63303 Dreieich, info@freelance-baumpflege.de, <a href="http://www.freelance-baumpflege.de">www.freelance-baumpflege.de</a></p>



<p><strong>Baumpflege Börger</strong>, Uwe Baum, Neugasse 7, 65510 Hünstetten, uwe.boerger@gmx.de, <a href="http://www.baumpflege-boerger.de">www.baumpflege-boerger.de</a></p>



<p><strong>BAUM UND MENSCH, Nachhaltige Baumpflege</strong>, Michael Ziegler, Dudenhofer Str. 30, 67354 Römerberg, kontakt@baum-und-mensch.com, www.baum-und-mensch.com</p>



<p><strong>Baumpflege Schmeller</strong>, Peter Schmeller, Tulpenweg 6, 76297 Stutensee, baumpflege.schmeller@icloud.com</p>



<p><strong>Baumpflegeschule Busemann</strong>, Kay Busemann, Schwarzwaldstraße 142, 79102 Freiburg, info@baumpflegeschule.de, <a href="http://www.baumpflegeschule.com">www.baumpflegeschule.com</a></p>



<p><strong>Baumpflege Michael Schmeller</strong>, Michael Schmeller, Robert- Meyer- Weg 18, 79359 Riegel, baumpflege-mschmeller@arcor.de</p>



<p><strong>Da Hoizknecht</strong>, Sebastian Singer, Hannawies 1, 82346 Frieding, info@dahoizknecht.de, <a href="http://www.dahoizknecht.de">www.dahoizknecht.de</a></p>



<p><strong>Baumpflege Braun</strong>, Veit Georg Braun, Sedanstr. 8, 93055 Regensburg, info@baumpflege-braun.de, <a href="http://www.baumpflege-braun.de">www.baumpflege-braun.de</a></p>



<p><strong>Baumservice Oberle</strong>, Udo Oberle, Leisauer Str. 15, 95497 Goldkronach, info@baumservice.de, <a href="http://www.baumservice.de">www.baumservice.de</a></p>

<p>Baumpflege Deppner, Andreas Deppner, Meißner Straße 432, 0445 Radebeul, info@deppner-baumpflege.de, www.deppner-baumpflege.de Wirth &amp; Wiener GmbH, Carsten Wirth, Am Erlenwald 4, 09128 Chemnitz, info@wirth-wiener.de, www.wirth-wiener.de Baumsanierung Wagler, Hendrik Wagler, Rudolf- Breitscheid- Str. 7, 09487 Schlettau, www.baumpflege-wagler.de Gärtnerhof GmbH, Olaf Sukrow, Holzhauser Str. 148, 13509 Berlin, info@gaertnerhof-gmbh.de, www.gaertnerhof-gmbh.de Baumpflege Fiedler, Sascha Fiedler, Döberitzer Str. 29, 14476 Potsdam, info@baumpflege-fiedler.de, www.baumpflege-fiedler.de Baumpflege Schneeweiß Gmbh, Ingo Schneeweiß, Kieler Straße 10, 14532 Stahnsdorf, www.baumpflege-schneeweiss.de Vegetus- Ausbilden direkt am Baum, Thomas Ludwig, Zum Fuhrenkamp 214, 26203 Wardenburg,&#8230;</p>
<p class="read-more"><a class="btn btn-default" href="http://neue-baumpflege.de/?page_id=22">Weiterlesen<span class="screen-reader-text"> Weiterlesen</span></a></p>
